 = b**3 + 52*b**2 - 61*b - 415. Let p be n(-53). What is the greatest common factor of p and z?
3
Let s(j) = -j**3 + 3*j**2 + 13*j - 8. Let m be s(5). Let p = 141 - 140. What is the greatest common divisor of m and p?
1
Let h be 3/(-5) + 93/5. Suppose -c + 5 = -5*z - h, 0 = c + 5*z + 7. Let t be 18*5 - (-5 + 7). Calculate the greatest common divisor of t and c.
8
Let n(o) = -27*o - 1411. Let s be n(-58). Let c be (-99)/3*-1 + -2. Suppose f = 0, -2*f - c = 2*z - 3*z. What is the greatest common factor of s and z?
31
Let a be (-11)/((-594)/1704) - (-16)/36. What is the highest common divisor of a and 28?
4
Let v be ((-3)/(-5))/((-2)/(-10)). Suppose -2*q = v*q - 245. Calculate the highest common factor of q and 7.
7
Suppose -m = m - 198. Suppose 5*b + 4 = 54. Let k be 0 + b + (-1)/(-1). Calculate the highest common factor of m and k.
11
Let n be ((-368)/(-40))/((-3)/(-105)). Let h = n - 168. Calculate the highest common factor of h and 22.
22
Let s(f) = -f + 4. Let j be s(-3). Suppose -i + 10 - 6 = 0. Suppose -n = -i*n + 189. Calculate the highest common factor of n and j.
7
Let p = -120 - -168. Calculate the highest common divisor of p and 60.
12
Let x = 64 - 21. Let l = x - 37. Calculate the highest common factor of l and 54.
6
Suppose -3*z + 6*z - 6 = 0. Let s be ((-32)/20)/(z/(-10)). Let f(t) = 16*t**2. Let q be f(-1). Calculate the greatest common divisor of s and q.
8
Let z be (-9)/(54/12)*-1*30. What is the highest common factor of 90 and z?
30
Suppose -f - 160 = -2*f. Suppose 12 = 3*j - 48. What is the highest common divisor of j and f?
20
Suppose -4*j + 3*i - 123 + 580 = 0, 3*i = -4*j + 439. Suppose 4*b - 105 = b. Let a = j - b. What is the highest common divisor of 11 and a?
11
Let u(t) = -t**3 - 16*t**2 - 30*t - 20. Let g be u(-14). Calculate the greatest common factor of 136 and g.
8
Let y be 2 + 3/((-12)/(-4)). Let h be 94/6 - y/(-9). What is the greatest common factor of 64 and h?
16
Suppose -n - 73 = -3*v, 23*n - 21*n = -8. Calculate the highest common divisor of v and 1127.
23
Let q be 52/2 - 6/3. Suppose -22*z - 10 = -17*z. Let b(m) = 23*m**2 - 3*m - 2. Let g be b(z). Calculate the highest common divisor of q and g.
24
Let m be ((-18)/14 - -1) + (-17630)/(-602). What is the greatest common factor of m and 319?
29
Let l(s) be the second derivative of -7*s**3/6 - 16*s**2 - 11*s. Let b be l(-6). What is the greatest common divisor of b and 10?
10
Suppose 1429 = 78*k - 209. What is the greatest common divisor of 1890 and k?
21
Let t = -65 - -91. Let k be (-3)/(-1 + 25/t). Suppose -r - r = 2, -k = -5*q - 2*r. What is the greatest common factor of 144 and q?
16
Let v(k) be the first derivative of 6 + 18*k + 1/2*k**2. Let y be v(-13). What is the greatest common divisor of 20 and y?
5
Suppose -2*h + 5 = 1. Let l(q) be the third derivative of -q**4/24 + 19*q**3/3 - 10*q**2. Let y be l(20). What is the highest common factor of y and h?
2
Let u = 1094 - 401. Calculate the greatest common divisor of u and 126.
63
Let l = 95 + 50. Let m = l - 35. What is the highest common divisor of m and 10?
10
Let b be (-292*10/40)/((-1)/23). Calculate the highest common factor of b and 146.
73
Let o(d) = 2*d**3 - 4*d**2 - 6*d - 39. Let t be o(6). Calculate the highest common factor of t and 497.
71
Suppose 11 = 3*a + 2*g, 0 = -5*a - g + 2*g + 27. Let p be (9/(-15) - -1)*a. Suppose -p*l = 3*l - 165. Calculate the greatest common factor of l and 3.
3
Let x = 68 + -54. Let o be 51/7 - x/49. Calculate the greatest common factor of 7 and o.
7
Let r = 4 + 0. Suppose -4 = 3*s + r*g, 9*s - 4*s + 18 = -g. Let t be (-1185)/(-6) - 2/s. What is the highest common divisor of 18 and t?
18
Suppose -2*o + 5 = 3*o. Let b be (-1)/(3/(-654)) - o. Let t be 1/4 - b/(-28). What is the highest common factor of t and 1?
1
Suppose 38*a - 4884 = 26*a. Calculate the highest common divisor of a and 11.
11
Let o(d) = 2*d**2 - 3*d + 5. Let q be o(2). Suppose z = q*z + 6. Let v be (z/3)/(4/(-312)). Calculate the greatest common factor of 182 and v.
26
Let z = 1268 - 761. Calculate the greatest common divisor of 39 and z.
39
Let y(n) = -n**3 + 18*n**2 - 17*n + 3. Let c be y(17). Let s be 8 - 0*c/6. What is the greatest common factor of s and 20?
4
Let w = -16 + 111. Let t(u) = 5*u + 18*u + 3*u + 1 - 8*u. Let d be t(1). Calculate the greatest common factor of w and d.
19
Suppose 8 = 3*c - 4*r, 2*c - 9 = c - 5*r. Suppose c*a - a = 459. Suppose -25*u + 22*u + 49 = q, -5*q = -u + 27. What is the greatest common divisor of a and u?
17
Let q = -47 - 5. Let o = -33 - q. What is the highest common divisor of o and 133?
19
Suppose 8*o - 15 = 3*o. Suppose -o*u + 9 = -4*u. Let r = u - -51. What is the highest common factor of r and 28?
14
Suppose 5*p + 3*l - 1164 = 0, 474 = 2*p + 5*l - 3. What is the greatest common divisor of 42 and p?
21
Suppose -y = -27*p + 26*p + 39, -5*p - 5*y = -235. What is the highest common divisor of p and 2?
1
Let i(l) = l**3 + 4*l**2 - 7*l - 5. Let k be i(-5). Suppose -y = -k*x + 4*y + 290, x + 4*y - 43 = 0. What is the greatest common factor of 22 and x?
11
Let j(o) = -17*o + 4. Let d(s) = -16*s + 4. Let t(r) = -6*d(r) + 5*j(r). Let z be t(4). What is the greatest common divisor of z and 10?
10
Let c(p) be the third derivative of p**6/20 - p**4/8 + 4*p**3/3 + 14*p**2. Let y be c(3). What is the highest common factor of 23 and y?
23
Suppose -o = 3*b - 3 - 6, 12 = -4*o. Let v be (-2 + 2/b)*2. Let p be ((-6)/(-15))/(v/(-360)). Calculate the greatest common factor of p and 12.
12
Let b be 70/21*(-12)/(-10). Let n(y) = 4*y + 8. Let m be n(b). What is the greatest common factor of m and 168?
24
Suppose 0 = -5*d - 19 + 119. Calculate the highest common divisor of 320 and d.
20
Suppose -757 = 9*r - 2503. Suppose 4*s - 264 = -0*s - 4*d, -d - r = -3*s. What is the highest common divisor of s and 26?
13
Let z(i) = -i**3 + 11*i**2 + 14*i + 6. Let q be (-10)/(-3)*(4 - 7). Let m be 6/5*(0 - q). Let l be z(m). Calculate the greatest common factor of l and 75.
15
Let c = 66 - 70. Let n be c/(-6)*(-45)/(-6). What is the highest common divisor of 45 and n?
5
Suppose -3686 + 1347 = -2*l - 3*v, 5*l - v - 5890 = 0. What is the greatest common divisor of l and 214?
107
Suppose -1757 = -2*b - b + 4*h, 5*b = 3*h + 2932. Suppose -b = -6*r + 925. What is the greatest common factor of 28 and r?
28
Suppose 3*r - 9*r = 0. Let k(o) = -4*o + 54. Let n be k(r). What is the greatest common divisor of n and 6?
6
Let q be (13696/18)/4 - 32/144. Calculate the greatest common factor of q and 152.
38
Let k(h) = -h**2 + 7*h + 11. Let t be k(8). Let o be -9*3 - (-2 + 2). Let i be (-1 + t)*o/(-6). Calculate the greatest common factor of 81 and i.
9
Suppose 0 = s - 3*j + 7, 5*s + 5 = 5*j + 10. Let p = 19 - 14. What is the greatest common divisor of p and s?
5
Let l = 277 + -187. What is the highest common factor of l and 195?
15
Let z be -3 + 3 - 0 - -5. Suppose 3*k - 4 = z. Suppose -2*y = -4*v + 44, y + 7 = k. What is the highest common factor of v and 63?
9
Suppose -4*w - 39 + 7 = 0. Let f be -1 + (w/2)/(-1). Let g be ((-9)/6)/f*-154. Calculate the highest common factor of 11 and g.
11
Let p(u) = -16*u - 26. Let f be p(-6). What is the highest common divisor of 602 and f?
14
Let y = -15 + 16. Suppose 2*q - 6*q + 4*n = -4, 9 = 3*q + 3*n. What is the greatest common factor of q and y?
1
Let h(c) = -c**3 + 34*c**2 - 28*c. Let g be h(33). Calculate the highest common factor of g and 55.
55
Suppose x = 5*m + 33, 2*x - 74 = m + m. What is the greatest common divisor of 266 and x?
38
Let f be -3 + -2 - ((-9 - 278) + -7). What is the greatest common factor of f and 17?
17
Let i(h) = -h**3 + 8*h**2 + 2*h - 11. Let y be i(8). Suppose -y*p + 32 = w, -4*w + 4*p + 114 = 34. Calculate the greatest common divisor of 11 and w.
11
Let j be (-2)/6 - (-10144)/12. Calculate the highest common divisor of j and 130.
65
Suppose -21*r + 4392 = -14424. What is the greatest common divisor of r and 56?
56
Let r(i) = -306*i + 19. Let z be r(-1). Calculate the greatest common divisor of z and 125.
25
Let w be (19/(-1))/(1 - 9/8). Let v = 94 - 14. Let a = w - v. What is the greatest common factor of a and 18?
18
Suppose 0 = -9*q + 5*q + 56. Let n(p) = 2*p + 14. Let w be n(-6). What is the greatest common factor of q and w?
2
Suppo